Last updated on 2020-12-04 00:48:33 CET.
Flavor | Version | Tinstall | Tcheck | Ttotal | Status | Flags |
---|---|---|---|---|---|---|
r-devel-linux-x86_64-debian-clang | 0.1.7 | 165.53 | 61.55 | 227.08 | OK | |
r-devel-linux-x86_64-debian-gcc | 0.1.7 | 112.48 | 49.41 | 161.89 | OK | |
r-devel-linux-x86_64-fedora-clang | 0.1.7 | 317.91 | NOTE | |||
r-devel-linux-x86_64-fedora-gcc | 0.1.7 | 277.14 | OK | |||
r-devel-windows-ix86+x86_64 | 0.1.7 | 360.00 | 105.00 | 465.00 | OK | |
r-patched-linux-x86_64 | 0.1.7 | 123.95 | 59.76 | 183.71 | OK | |
r-patched-solaris-x86 | 0.1.7 | 247.60 | OK | |||
r-release-linux-x86_64 | 0.1.7 | 130.91 | 58.46 | 189.37 | OK | |
r-release-macos-x86_64 | 0.1.7 | NOTE | ||||
r-release-windows-ix86+x86_64 | 0.1.7 | 280.00 | 133.00 | 413.00 | OK | |
r-oldrel-macos-x86_64 | 0.1.7 | NOTE | ||||
r-oldrel-windows-ix86+x86_64 | 0.1.7 | 265.00 | 124.00 | 389.00 | OK |
Version: 0.1.7
Check: installed package size
Result: NOTE
installed size is 10.7Mb
sub-directories of 1Mb or more:
libs 9.8Mb
Flavors: r-devel-linux-x86_64-fedora-clang, r-release-macos-x86_64, r-oldrel-macos-x86_64