CRAN Package Check Results for Package sda

Last updated on 2020-12-04 00:48:33 CET.

Flavor Version Tinstall Tcheck Ttotal Status Flags
r-devel-linux-x86_64-debian-clang 1.3.7 2.80 35.13 37.93 OK
r-devel-linux-x86_64-debian-gcc 1.3.7 2.12 28.96 31.08 OK
r-devel-linux-x86_64-fedora-clang 1.3.7 47.40 NOTE
r-devel-linux-x86_64-fedora-gcc 1.3.7 37.65 OK
r-devel-windows-ix86+x86_64 1.3.7 6.00 38.00 44.00 OK
r-patched-linux-x86_64 1.3.7 3.05 31.50 34.55 OK
r-patched-solaris-x86 1.3.7 63.00 OK
r-release-linux-x86_64 1.3.7 2.82 31.34 34.16 OK
r-release-macos-x86_64 1.3.7 OK
r-release-windows-ix86+x86_64 1.3.7 5.00 49.00 54.00 OK
r-oldrel-macos-x86_64 1.3.7 OK
r-oldrel-windows-ix86+x86_64 1.3.7 4.00 45.00 49.00 OK

Check Details

Version: 1.3.7
Check: Rd cross-references
Result: NOTE
    Undeclared package ‘care’ in Rd xrefs
Flavor: r-devel-linux-x86_64-fedora-clang