CRAN Package Check Results for Package sctransform

Last updated on 2020-12-04 00:48:33 CET.

Flavor Version Tinstall Tcheck Ttotal Status Flags
r-devel-linux-x86_64-debian-clang 0.3.1 45.44 95.23 140.67 NOTE
r-devel-linux-x86_64-debian-gcc 0.3.1 32.18 75.05 107.23 NOTE
r-devel-linux-x86_64-fedora-clang 0.3.1 185.07 NOTE
r-devel-linux-x86_64-fedora-gcc 0.3.1 170.20 NOTE
r-devel-windows-ix86+x86_64 0.3.1 100.00 132.00 232.00 OK
r-patched-linux-x86_64 0.3.1 35.86 88.22 124.08 NOTE
r-patched-solaris-x86 0.3.1 213.20 NOTE
r-release-linux-x86_64 0.3.1 40.10 90.14 130.24 NOTE
r-release-macos-x86_64 0.3.1 NOTE
r-release-windows-ix86+x86_64 0.3.1 73.00 171.00 244.00 OK
r-oldrel-macos-x86_64 0.3.1 NOTE
r-oldrel-windows-ix86+x86_64 0.3.1 91.00 152.00 243.00 NOTE

Check Details

Version: 0.3.1
Check: package dependencies
Result: NOTE
    Package which this enhances but not available for checking: 'glmGamPoi'
Flavors: r-devel-linux-x86_64-debian-clang, r-devel-linux-x86_64-debian-gcc, r-devel-linux-x86_64-fedora-clang, r-devel-linux-x86_64-fedora-gcc, r-patched-linux-x86_64, r-patched-solaris-x86, r-release-linux-x86_64, r-release-macos-x86_64, r-oldrel-macos-x86_64, r-oldrel-windows-ix86+x86_64