Last updated on 2020-12-04 00:48:33 CET.
Flavor | Version | Tinstall | Tcheck | Ttotal | Status | Flags |
---|---|---|---|---|---|---|
r-devel-linux-x86_64-debian-clang | 0.3.2 | 9.24 | 85.84 | 95.08 | OK | |
r-devel-linux-x86_64-debian-gcc | 0.3.2 | 7.90 | 67.37 | 75.27 | OK | |
r-devel-linux-x86_64-fedora-clang | 0.3.2 | 119.09 | NOTE | |||
r-devel-linux-x86_64-fedora-gcc | 0.3.2 | 108.40 | NOTE | |||
r-devel-windows-ix86+x86_64 | 0.3.2 | 19.00 | 81.00 | 100.00 | OK | |
r-patched-linux-x86_64 | 0.3.2 | 9.83 | 79.61 | 89.44 | OK | |
r-patched-solaris-x86 | 0.3.2 | 162.80 | NOTE | |||
r-release-linux-x86_64 | 0.3.2 | 8.30 | 79.99 | 88.29 | OK | |
r-release-macos-x86_64 | 0.3.2 | NOTE | ||||
r-release-windows-ix86+x86_64 | 0.3.2 | 15.00 | 111.00 | 126.00 | OK | |
r-oldrel-macos-x86_64 | 0.3.2 | NOTE | ||||
r-oldrel-windows-ix86+x86_64 | 0.3.2 | 14.00 | 102.00 | 116.00 | OK |
Version: 0.3.2
Check: data for non-ASCII characters
Result: NOTE
Note: found 57 marked UTF-8 strings
Flavors: r-devel-linux-x86_64-fedora-clang, r-devel-linux-x86_64-fedora-gcc, r-patched-solaris-x86, r-release-macos-x86_64, r-oldrel-macos-x86_64