Last updated on 2020-12-04 00:48:33 CET.
Flavor | Version | Tinstall | Tcheck | Ttotal | Status | Flags |
---|---|---|---|---|---|---|
r-devel-linux-x86_64-debian-clang | 1.3.5 | 6.02 | 56.24 | 62.26 | OK | |
r-devel-linux-x86_64-debian-gcc | 1.3.5 | 5.75 | 47.63 | 53.38 | OK | |
r-devel-linux-x86_64-fedora-clang | 1.3.5 | 80.99 | OK | |||
r-devel-linux-x86_64-fedora-gcc | 1.3.5 | 74.20 | OK | |||
r-devel-windows-ix86+x86_64 | 1.3.5 | 12.00 | 53.00 | 65.00 | OK | |
r-patched-linux-x86_64 | 1.3.5 | 6.66 | 55.67 | 62.33 | OK | |
r-patched-solaris-x86 | 1.3.5 | 95.50 | OK | |||
r-release-linux-x86_64 | 1.3.5 | 6.72 | 55.54 | 62.26 | OK | |
r-release-macos-x86_64 | 1.3.5 | OK | ||||
r-release-windows-ix86+x86_64 | 1.3.5 | 11.00 | 67.00 | 78.00 | OK | |
r-oldrel-macos-x86_64 | 1.3.5 | NOTE | ||||
r-oldrel-windows-ix86+x86_64 | 1.3.5 | 8.00 | 66.00 | 74.00 | OK |
Version: 1.3.5
Check: package dependencies
Result: NOTE
Package suggested but not available for checking: ‘oligoClasses’
Flavor: r-oldrel-macos-x86_64