CRAN Package Check Results for Package scoringutils

Last updated on 2020-12-04 00:48:33 CET.

Flavor Version Tinstall Tcheck Ttotal Status Flags
r-devel-linux-x86_64-debian-clang 0.1.4 8.06 82.72 90.78 OK
r-devel-linux-x86_64-debian-gcc 0.1.4 6.02 57.64 63.66 OK
r-devel-linux-x86_64-fedora-clang 0.1.4 103.08 NOTE
r-devel-linux-x86_64-fedora-gcc 0.1.4 95.36 NOTE
r-devel-windows-ix86+x86_64 0.1.4 16.00 72.00 88.00 OK
r-patched-linux-x86_64 0.1.4 8.44 72.90 81.34 OK
r-patched-solaris-x86 0.1.4 125.20 NOTE
r-release-linux-x86_64 0.1.4 8.15 74.25 82.40 OK
r-release-macos-x86_64 0.1.4 NOTE
r-release-windows-ix86+x86_64 0.1.4 13.00 105.00 118.00 OK
r-oldrel-macos-x86_64 0.1.4 NOTE
r-oldrel-windows-ix86+x86_64 0.1.4 12.00 95.00 107.00 OK

Check Details

Version: 0.1.4
Check: dependencies in R code
Result: NOTE
    Namespace in Imports field not imported from: ‘graphics’
     All declared Imports should be used.
Flavors: r-devel-linux-x86_64-fedora-clang, r-devel-linux-x86_64-fedora-gcc, r-patched-solaris-x86, r-release-macos-x86_64, r-oldrel-macos-x86_64