CRAN Package Check Results for Package scoringRules

Last updated on 2020-12-04 00:48:33 CET.

Flavor Version Tinstall Tcheck Ttotal Status Flags
r-devel-linux-x86_64-debian-clang 1.0.1 69.64 273.92 343.56 OK
r-devel-linux-x86_64-debian-gcc 1.0.1 46.08 208.00 254.08 OK
r-devel-linux-x86_64-fedora-clang 1.0.1 435.35 NOTE
r-devel-linux-x86_64-fedora-gcc 1.0.1 437.88 OK
r-devel-windows-ix86+x86_64 1.0.1 145.00 344.00 489.00 OK
r-patched-linux-x86_64 1.0.1 55.94 267.93 323.87 OK
r-patched-solaris-x86 1.0.1 530.60 OK
r-release-linux-x86_64 1.0.1 56.10 268.59 324.69 OK
r-release-macos-x86_64 1.0.1 NOTE
r-release-windows-ix86+x86_64 1.0.1 111.00 413.00 524.00 OK
r-oldrel-macos-x86_64 1.0.1 WARN
r-oldrel-windows-ix86+x86_64 1.0.1 110.00 401.00 511.00 OK

Check Details

Version: 1.0.1
Check: installed package size
Result: NOTE
     installed size is 5.0Mb
     sub-directories of 1Mb or more:
     libs 3.2Mb
Flavors: r-devel-linux-x86_64-fedora-clang, r-release-macos-x86_64, r-oldrel-macos-x86_64

Version: 1.0.1
Check: re-building of vignette outputs
Result: WARN
    Error(s) in re-building vignettes:
     ...
    --- re-building ‘gettingstarted.Rmd’ using rmarkdown
    Warning in engine$weave(file, quiet = quiet, encoding = enc) :
     Pandoc (>= 1.12.3) and/or pandoc-citeproc not available. Falling back to R Markdown v1.
    --- finished re-building ‘gettingstarted.Rmd’
    
    --- re-building ‘article.Rnw’ using knitr
    Error: processing vignette 'article.Rnw' failed with diagnostics:
    Running 'texi2dvi' on 'article.tex' failed.
    LaTeX errors:
    !pdfTeX error: pdflatex (file bbm10): Font bbm10 at 657 not found
     ==> Fatal error occurred, no output PDF file produced!
    --- failed re-building ‘article.Rnw’
    
    SUMMARY: processing the following file failed:
     ‘article.Rnw’
    
    Error: Vignette re-building failed.
    Execution halted
Flavor: r-oldrel-macos-x86_64