Last updated on 2020-12-04 00:48:33 CET.
Flavor | Version | Tinstall | Tcheck | Ttotal | Status | Flags |
---|---|---|---|---|---|---|
r-devel-linux-x86_64-debian-clang | 0.1.0 | 76.89 | 61.58 | 138.47 | OK | |
r-devel-linux-x86_64-debian-gcc | 0.1.0 | 51.26 | 52.56 | 103.82 | OK | |
r-devel-linux-x86_64-fedora-clang | 0.1.0 | 190.57 | NOTE | |||
r-devel-linux-x86_64-fedora-gcc | 0.1.0 | 169.04 | NOTE | |||
r-devel-windows-ix86+x86_64 | 0.1.0 | 169.00 | 95.00 | 264.00 | OK | |
r-patched-linux-x86_64 | 0.1.0 | 58.96 | 58.74 | 117.70 | OK | |
r-patched-solaris-x86 | 0.1.0 | 179.70 | NOTE | |||
r-release-linux-x86_64 | 0.1.0 | 61.45 | 60.52 | 121.97 | OK | |
r-release-macos-x86_64 | 0.1.0 | ERROR | ||||
r-release-windows-ix86+x86_64 | 0.1.0 | 125.00 | 127.00 | 252.00 | OK | |
r-oldrel-macos-x86_64 | 0.1.0 | NOTE | ||||
r-oldrel-windows-ix86+x86_64 | 0.1.0 | 139.00 | 114.00 | 253.00 | OK |
Version: 0.1.0
Check: installed package size
Result: NOTE
installed size is 5.3Mb
sub-directories of 1Mb or more:
libs 4.5Mb
Flavors: r-devel-linux-x86_64-fedora-clang, r-oldrel-macos-x86_64
Version: 0.1.0
Check: dependencies in R code
Result: NOTE
Namespace in Imports field not imported from: ‘scales’
All declared Imports should be used.
Flavors: r-devel-linux-x86_64-fedora-clang, r-devel-linux-x86_64-fedora-gcc, r-patched-solaris-x86, r-oldrel-macos-x86_64
Version: 0.1.0
Check: whether package can be installed
Result: ERROR
Installation failed.
Flavor: r-release-macos-x86_64