Last updated on 2020-12-04 00:48:33 CET.
Flavor | Version | Tinstall | Tcheck | Ttotal | Status | Flags |
---|---|---|---|---|---|---|
r-devel-linux-x86_64-debian-clang | 1.0.1 | 5.02 | 25.55 | 30.57 | OK | |
r-devel-linux-x86_64-debian-gcc | 1.0.1 | 5.20 | 19.60 | 24.80 | OK | |
r-devel-linux-x86_64-fedora-clang | 1.0.1 | 41.14 | NOTE | |||
r-devel-linux-x86_64-fedora-gcc | 1.0.1 | 33.54 | NOTE | |||
r-devel-windows-ix86+x86_64 | 1.0.1 | 12.00 | 28.00 | 40.00 | OK | |
r-patched-linux-x86_64 | 1.0.1 | 6.21 | 26.84 | 33.05 | OK | |
r-patched-solaris-x86 | 1.0.1 | 47.20 | NOTE | |||
r-release-linux-x86_64 | 1.0.1 | 6.69 | 27.21 | 33.90 | OK | |
r-release-macos-x86_64 | 1.0.1 | NOTE | ||||
r-release-windows-ix86+x86_64 | 1.0.1 | 7.00 | 42.00 | 49.00 | OK | |
r-oldrel-macos-x86_64 | 1.0.1 | NOTE | ||||
r-oldrel-windows-ix86+x86_64 | 1.0.1 | 11.00 | 36.00 | 47.00 | OK |
Version: 1.0.1
Check: dependencies in R code
Result: NOTE
Namespaces in Imports field not imported from:
‘R6’ ‘cowplot’ ‘ggplot2’ ‘ggridges’ ‘ggstance’ ‘jmvcore’
All declared Imports should be used.
Flavors: r-devel-linux-x86_64-fedora-clang, r-devel-linux-x86_64-fedora-gcc, r-patched-solaris-x86, r-release-macos-x86_64, r-oldrel-macos-x86_64