CRAN Package Check Results for Package scaRabee

Last updated on 2020-12-04 00:48:33 CET.

Flavor Version Tinstall Tcheck Ttotal Status Flags
r-devel-linux-x86_64-debian-clang 1.1-3 11.96 99.63 111.59 NOTE
r-devel-linux-x86_64-debian-gcc 1.1-3 9.67 77.23 86.90 NOTE
r-devel-linux-x86_64-fedora-clang 1.1-3 137.48 NOTE
r-devel-linux-x86_64-fedora-gcc 1.1-3 132.00 NOTE
r-devel-windows-ix86+x86_64 1.1-3 22.00 93.00 115.00 NOTE
r-patched-linux-x86_64 1.1-3 10.80 94.29 105.09 NOTE
r-patched-solaris-x86 1.1-3 179.60 NOTE
r-release-linux-x86_64 1.1-3 10.78 92.91 103.69 NOTE
r-release-macos-x86_64 1.1-3 NOTE
r-release-windows-ix86+x86_64 1.1-3 17.00 123.00 140.00 NOTE
r-oldrel-macos-x86_64 1.1-3 NOTE
r-oldrel-windows-ix86+x86_64 1.1-3 17.00 111.00 128.00 NOTE

Check Details

Version: 1.1-3
Check: R code for possible problems
Result: NOTE
    convert.infusion: no visible global function definition for 'size'
    create.intervals: no visible global function definition for 'size'
    create.intervals: no visible global function definition for 'transpose'
    dde.model: no visible global function definition for 'size'
    dde.model: no visible global function definition for 'transpose'
    dde.syst: no visible global function definition for 'approx'
    de.output: no visible global function definition for 'size'
    estimation.plot: no visible global function definition for 'reshape'
    estimation.plot: no visible global function definition for 'pdf'
    estimation.plot: no visible global function definition for 'dev.off'
    explicit.model: no visible global function definition for 'size'
    finalize.report: no visible global function definition for 'transpose'
    finalize.report: no visible global function definition for 'size'
    fitmle : obj.fun: no visible global function definition for 'size'
    fitmle.cov: no visible global function definition for 'transpose'
    fitmle.cov: no visible global function definition for 'qt'
    get.cov.matrix: no visible global function definition for 'size'
    get.parms.data: no visible global function definition for 'size'
    get.secondary: no visible global function definition for 'transpose'
    init.cond: no visible global function definition for 'size'
    init.update: no visible global function definition for 'size'
    input.scaling: no visible global function definition for 'size'
    make.dosing: no visible global function definition for 'size'
    make.dosing: no visible global function definition for 'approx'
    ode.model: no visible global function definition for 'size'
    ode.model: no visible global function definition for 'transpose'
    ode.syst: no visible global function definition for 'approx'
    problem.eval: no visible global function definition for 'size'
    residual.report: no visible global function definition for 'size'
    scarabee.check.model: no visible global function definition for 'size'
    scarabee.gridsearch : grid.obj.fun: no visible global function
     definition for 'size'
    scarabee.read.data: no visible global function definition for 'size'
    scarabee.read.parms: no visible global function definition for 'size'
    simulation.plot: no visible global function definition for 'pdf'
    simulation.plot: no visible global function definition for 'dev.off'
    simulation.plot: no visible global function definition for 'dev.new'
    simulation.plot: no visible global function definition for 'par'
    simulation.report: no visible global function definition for 'size'
    weighting: no visible global function definition for 'size'
    Undefined global functions or variables:
     approx dev.new dev.off par pdf qt reshape size transpose
    Consider adding
     importFrom("grDevices", "dev.new", "dev.off", "pdf")
     importFrom("graphics", "par")
     importFrom("stats", "approx", "qt", "reshape")
    to your NAMESPACE file.
Flavors: r-devel-linux-x86_64-debian-clang, r-devel-linux-x86_64-debian-gcc, r-devel-linux-x86_64-fedora-clang, r-devel-linux-x86_64-fedora-gcc, r-devel-windows-ix86+x86_64, r-patched-linux-x86_64, r-patched-solaris-x86, r-release-linux-x86_64, r-release-macos-x86_64, r-release-windows-ix86+x86_64, r-oldrel-macos-x86_64, r-oldrel-windows-ix86+x86_64