CRAN Package Check Results for Package scTenifoldKnk

Last updated on 2020-12-04 00:48:33 CET.

Flavor Version Tinstall Tcheck Ttotal Status Flags
r-devel-linux-x86_64-debian-clang 1.0.0 7.74 70.88 78.62 OK
r-devel-linux-x86_64-debian-gcc 1.0.0 6.91 58.28 65.19 OK
r-devel-linux-x86_64-fedora-clang 1.0.0 100.57 NOTE
r-devel-linux-x86_64-fedora-gcc 1.0.0 90.79 NOTE
r-devel-windows-ix86+x86_64 1.0.0 17.00 67.00 84.00 OK
r-patched-linux-x86_64 1.0.0 7.14 68.10 75.24 OK
r-patched-solaris-x86 1.0.0 135.70 NOTE
r-release-linux-x86_64 1.0.0 7.73 68.98 76.71 OK
r-release-macos-x86_64 1.0.0 NOTE
r-release-windows-ix86+x86_64 1.0.0 15.00 93.00 108.00 OK
r-oldrel-macos-x86_64 1.0.0 NOTE
r-oldrel-windows-ix86+x86_64 1.0.0 13.00 83.00 96.00 OK

Check Details

Version: 1.0.0
Check: dependencies in R code
Result: NOTE
    Namespaces in Imports field not imported from:
     ‘methods’ ‘pbapply’ ‘utils’
     All declared Imports should be used.
Flavors: r-devel-linux-x86_64-fedora-clang, r-devel-linux-x86_64-fedora-gcc, r-patched-solaris-x86, r-release-macos-x86_64, r-oldrel-macos-x86_64