Last updated on 2020-12-04 00:48:33 CET.
Flavor | Version | Tinstall | Tcheck | Ttotal | Status | Flags |
---|---|---|---|---|---|---|
r-devel-linux-x86_64-debian-clang | 1.0 | 17.69 | 154.79 | 172.48 | NOTE | |
r-devel-linux-x86_64-debian-gcc | 1.0 | 15.14 | 115.37 | 130.51 | NOTE | |
r-devel-linux-x86_64-fedora-clang | 1.0 | 204.66 | NOTE | |||
r-devel-linux-x86_64-fedora-gcc | 1.0 | 202.05 | NOTE | |||
r-devel-windows-ix86+x86_64 | 1.0 | 40.00 | 136.00 | 176.00 | OK | |
r-patched-linux-x86_64 | 1.0 | 13.15 | 141.80 | 154.95 | NOTE | |
r-patched-solaris-x86 | 1.0 | 280.00 | NOTE | |||
r-release-linux-x86_64 | 1.0 | 13.14 | 139.86 | 153.00 | NOTE | |
r-release-macos-x86_64 | 1.0 | ERROR | ||||
r-release-windows-ix86+x86_64 | 1.0 | 31.00 | 151.00 | 182.00 | OK | |
r-oldrel-macos-x86_64 | 1.0 | ERROR | ||||
r-oldrel-windows-ix86+x86_64 | 1.0 | 34.00 | 171.00 | 205.00 | OK |
Version: 1.0
Check: for non-standard things in the check directory
Result: NOTE
Found the following files/directories:
'untitled_consensus_cluster'
Flavors: r-devel-linux-x86_64-debian-clang, r-devel-linux-x86_64-debian-gcc, r-devel-linux-x86_64-fedora-clang, r-devel-linux-x86_64-fedora-gcc, r-patched-linux-x86_64, r-patched-solaris-x86, r-release-linux-x86_64
Version: 1.0
Check: package dependencies
Result: ERROR
Packages required but not available: 'ALL', 'ConsensusClusterPlus'
See section ‘The DESCRIPTION file’ in the ‘Writing R Extensions’
manual.
Flavors: r-release-macos-x86_64, r-oldrel-macos-x86_64