CRAN Package Check Results for Package scMappR

Last updated on 2020-12-04 00:48:33 CET.

Flavor Version Tinstall Tcheck Ttotal Status Flags
r-devel-linux-x86_64-debian-clang 0.1.5 45.12 400.48 445.60 OK
r-devel-linux-x86_64-debian-gcc 0.1.5 36.69 312.14 348.83 OK
r-devel-linux-x86_64-fedora-clang 0.1.5 566.37 OK
r-devel-linux-x86_64-fedora-gcc 0.1.5 562.90 OK
r-devel-windows-ix86+x86_64 0.1.5 102.00 447.00 549.00 OK
r-patched-linux-x86_64 0.1.5 32.83 384.43 417.26 OK
r-patched-solaris-x86 0.1.5 679.80 OK
r-release-linux-x86_64 0.1.5 32.25 380.48 412.73 OK
r-release-macos-x86_64 0.1.5 ERROR
r-release-windows-ix86+x86_64 0.1.5 73.00 324.00 397.00 OK
r-oldrel-macos-x86_64 0.1.5 ERROR
r-oldrel-windows-ix86+x86_64 0.1.1 78.00 400.00 478.00 OK

Check Details

Version: 0.1.5
Check: package dependencies
Result: ERROR
    Package required but not available: ‘ADAPTS’
    
    See section ‘The DESCRIPTION file’ in the ‘Writing R Extensions’
    manual.
Flavors: r-release-macos-x86_64, r-oldrel-macos-x86_64