CRAN Package Check Results for Package sbw

Last updated on 2020-12-04 00:48:33 CET.

Flavor Version Tinstall Tcheck Ttotal Status Flags
r-devel-linux-x86_64-debian-clang 1.1.1 11.10 81.17 92.27 NOTE
r-devel-linux-x86_64-debian-gcc 1.1.1 8.35 63.06 71.41 NOTE
r-devel-linux-x86_64-fedora-clang 1.1.1 115.69 NOTE
r-devel-linux-x86_64-fedora-gcc 1.1.1 107.86 NOTE
r-devel-windows-ix86+x86_64 1.1.1 21.00 73.00 94.00 NOTE
r-patched-linux-x86_64 1.1.1 9.44 76.57 86.01 NOTE
r-patched-solaris-x86 1.1.1 157.70 NOTE
r-release-linux-x86_64 1.1.1 10.34 75.68 86.02 NOTE
r-release-macos-x86_64 1.1.1 NOTE
r-release-windows-ix86+x86_64 1.1.1 17.00 98.00 115.00 NOTE
r-oldrel-macos-x86_64 1.1.1 NOTE
r-oldrel-windows-ix86+x86_64 1.1.1 17.00 93.00 110.00 NOTE

Check Details

Version: 1.1.1
Check: package dependencies
Result: NOTE
    Packages which this enhances but not available for checking:
     'gurobi', 'pogs'
Flavors: r-devel-linux-x86_64-debian-clang, r-devel-linux-x86_64-debian-gcc, r-patched-linux-x86_64, r-release-linux-x86_64

Version: 1.1.1
Check: package dependencies
Result: NOTE
    Packages which this enhances but not available for checking:
     'gurobi', 'Rcplex', 'pogs'
Flavors: r-devel-linux-x86_64-fedora-clang, r-devel-linux-x86_64-fedora-gcc, r-devel-windows-ix86+x86_64, r-release-macos-x86_64, r-release-windows-ix86+x86_64, r-oldrel-macos-x86_64, r-oldrel-windows-ix86+x86_64

Version: 1.1.1
Check: package dependencies
Result: NOTE
    Packages which this enhances but not available for checking:
     'gurobi', 'Rcplex', 'Rmosek', 'pogs'
Flavor: r-patched-solaris-x86