CRAN Package Check Results for Package sass

Last updated on 2020-12-04 00:48:33 CET.

Flavor Version Tinstall Tcheck Ttotal Status Flags
r-devel-linux-x86_64-debian-clang 0.2.0 212.51 36.89 249.40 NOTE
r-devel-linux-x86_64-debian-gcc 0.2.0 133.62 29.33 162.95 NOTE
r-devel-linux-x86_64-fedora-clang 0.2.0 397.27 NOTE
r-devel-linux-x86_64-fedora-gcc 0.2.0 304.02 NOTE
r-devel-windows-ix86+x86_64 0.2.0 540.00 85.00 625.00 NOTE
r-patched-linux-x86_64 0.2.0 161.91 37.40 199.31 NOTE
r-patched-solaris-x86 0.2.0 321.90 NOTE
r-release-linux-x86_64 0.2.0 158.17 36.53 194.70 NOTE
r-release-macos-x86_64 0.2.0 NOTE
r-release-windows-ix86+x86_64 0.2.0 409.00 107.00 516.00 NOTE
r-oldrel-macos-x86_64 0.2.0 NOTE
r-oldrel-windows-ix86+x86_64 0.2.0 486.00 106.00 592.00 NOTE

Check Details

Version: 0.2.0
Check: for GNU extensions in Makefiles
Result: NOTE
    GNU make is a SystemRequirements.
Flavors: r-devel-linux-x86_64-debian-clang, r-devel-linux-x86_64-debian-gcc, r-devel-linux-x86_64-fedora-clang, r-devel-linux-x86_64-fedora-gcc, r-devel-windows-ix86+x86_64, r-patched-linux-x86_64, r-patched-solaris-x86, r-release-linux-x86_64, r-release-macos-x86_64, r-release-windows-ix86+x86_64, r-oldrel-macos-x86_64, r-oldrel-windows-ix86+x86_64

Version: 0.2.0
Check: installed package size
Result: NOTE
     installed size is 5.0Mb
     sub-directories of 1Mb or more:
     doc 1.7Mb
     libs 3.1Mb
Flavors: r-devel-linux-x86_64-fedora-clang, r-devel-windows-ix86+x86_64, r-patched-solaris-x86, r-release-windows-ix86+x86_64, r-oldrel-windows-ix86+x86_64