CRAN Package Check Results for Package sarsop

Last updated on 2020-12-04 00:48:33 CET.

Flavor Version Tinstall Tcheck Ttotal Status Flags
r-devel-linux-x86_64-debian-clang 0.6.5 200.14 357.96 558.10 OK
r-devel-linux-x86_64-debian-gcc 0.6.5 141.59 324.47 466.06 OK
r-devel-linux-x86_64-fedora-clang 0.6.5 473.89 NOTE
r-devel-linux-x86_64-fedora-gcc 0.6.5 670.93 OK
r-devel-windows-ix86+x86_64 0.6.5 25.00 92.00 117.00 NOTE
r-patched-linux-x86_64 0.6.5 177.61 350.55 528.16 OK
r-patched-solaris-x86 0.6.5 893.80 NOTE
r-release-linux-x86_64 0.6.5 171.35 358.76 530.11 OK
r-release-macos-x86_64 0.6.5 NOTE
r-release-windows-ix86+x86_64 0.6.5 18.00 101.00 119.00 NOTE
r-oldrel-macos-x86_64 0.6.5 NOTE
r-oldrel-windows-ix86+x86_64 0.6.5 17.00 113.00 130.00 NOTE

Check Details

Version: 0.6.5
Check: installed package size
Result: NOTE
     installed size is 52.9Mb
     sub-directories of 1Mb or more:
     bin 52.1Mb
Flavors: r-devel-linux-x86_64-fedora-clang, r-devel-windows-ix86+x86_64, r-patched-solaris-x86, r-release-macos-x86_64, r-release-windows-ix86+x86_64, r-oldrel-macos-x86_64, r-oldrel-windows-ix86+x86_64