CRAN Package Check Results for Package samc

Last updated on 2020-12-04 00:48:33 CET.

Flavor Version Tinstall Tcheck Ttotal Status Flags
r-devel-linux-x86_64-debian-clang 1.2.1 158.84 210.38 369.22 OK
r-devel-linux-x86_64-debian-gcc 1.2.1 116.67 168.23 284.90 OK
r-devel-linux-x86_64-fedora-clang 1.2.1 485.91 NOTE
r-devel-linux-x86_64-fedora-gcc 1.2.1 476.98 OK
r-devel-windows-ix86+x86_64 1.2.1 324.00 261.00 585.00 NOTE
r-patched-linux-x86_64 1.2.1 134.15 207.05 341.20 OK
r-patched-solaris-x86 1.2.1 466.90 OK
r-release-linux-x86_64 1.2.1 141.50 207.69 349.19 OK
r-release-macos-x86_64 1.2.1 NOTE
r-release-windows-ix86+x86_64 1.2.1 241.00 357.00 598.00 NOTE
r-oldrel-macos-x86_64 1.2.1 NOTE
r-oldrel-windows-ix86+x86_64 1.2.1 230.00 317.00 547.00 NOTE

Check Details

Version: 1.2.1
Check: installed package size
Result: NOTE
     installed size is 18.8Mb
     sub-directories of 1Mb or more:
     doc 2.8Mb
     libs 15.2Mb
Flavors: r-devel-linux-x86_64-fedora-clang, r-devel-windows-ix86+x86_64, r-release-macos-x86_64, r-release-windows-ix86+x86_64, r-oldrel-macos-x86_64, r-oldrel-windows-ix86+x86_64