CRAN Package Check Results for Package safetyGraphics

Last updated on 2020-12-04 00:48:33 CET.

Flavor Version Tinstall Tcheck Ttotal Status Flags
r-devel-linux-x86_64-debian-clang 1.1.0 7.99 110.58 118.57 OK
r-devel-linux-x86_64-debian-gcc 1.1.0 7.82 85.05 92.87 OK
r-devel-linux-x86_64-fedora-clang 1.1.0 138.88 NOTE
r-devel-linux-x86_64-fedora-gcc 1.1.0 135.48 NOTE
r-devel-windows-ix86+x86_64 1.1.0 19.00 115.00 134.00 OK
r-patched-linux-x86_64 1.1.0 8.38 106.99 115.37 OK
r-patched-solaris-x86 1.1.0 183.30 NOTE
r-release-linux-x86_64 1.1.0 8.20 106.41 114.61 OK
r-release-macos-x86_64 1.1.0 NOTE
r-release-windows-ix86+x86_64 1.1.0 16.00 152.00 168.00 OK
r-oldrel-macos-x86_64 1.1.0 NOTE
r-oldrel-windows-ix86+x86_64 1.1.0 14.00 150.00 164.00 OK

Check Details

Version: 1.1.0
Check: dependencies in R code
Result: NOTE
    Namespace in Imports field not imported from: ‘shinybusy’
     All declared Imports should be used.
Flavors: r-devel-linux-x86_64-fedora-clang, r-devel-linux-x86_64-fedora-gcc, r-patched-solaris-x86, r-release-macos-x86_64, r-oldrel-macos-x86_64

Version: 1.1.0
Check: installed package size
Result: NOTE
     installed size is 5.2Mb
     sub-directories of 1Mb or more:
     doc 3.3Mb
     htmlwidgets 1.2Mb
Flavor: r-patched-solaris-x86