CRAN Package Check Results for Package saeSim

Last updated on 2020-12-04 00:48:33 CET.

Flavor Version Tinstall Tcheck Ttotal Status Flags
r-devel-linux-x86_64-debian-clang 0.10.0 19.49 186.12 205.61 OK
r-devel-linux-x86_64-debian-gcc 0.10.0 15.49 140.78 156.27 OK
r-devel-linux-x86_64-fedora-clang 0.10.0 242.22 NOTE
r-devel-linux-x86_64-fedora-gcc 0.10.0 240.17 OK
r-devel-windows-ix86+x86_64 0.10.0 44.00 166.00 210.00 OK
r-patched-linux-x86_64 0.10.0 18.95 171.36 190.31 OK
r-patched-solaris-x86 0.10.0 373.30 OK
r-release-linux-x86_64 0.10.0 18.24 170.05 188.29 OK
r-release-macos-x86_64 0.10.0 OK
r-release-windows-ix86+x86_64 0.10.0 34.00 231.00 265.00 OK
r-oldrel-macos-x86_64 0.10.0 OK
r-oldrel-windows-ix86+x86_64 0.10.0 34.00 209.00 243.00 OK

Check Details

Version: 0.10.0
Check: Rd cross-references
Result: NOTE
    Undeclared packages ‘magrittr’, ‘rlang’ in Rd xrefs
Flavor: r-devel-linux-x86_64-fedora-clang