CRAN Package Check Results for Package ryandexdirect

Last updated on 2020-12-04 00:48:33 CET.

Flavor Version Tinstall Tcheck Ttotal Status Flags
r-devel-linux-x86_64-debian-clang 3.6.0 7.98 67.12 75.10 OK
r-devel-linux-x86_64-debian-gcc 3.6.0 8.07 50.52 58.59 OK
r-devel-linux-x86_64-fedora-clang 3.6.0 90.42 NOTE
r-devel-linux-x86_64-fedora-gcc 3.6.0 84.03 OK
r-devel-windows-ix86+x86_64 3.6.0 18.00 67.00 85.00 OK
r-patched-linux-x86_64 3.6.0 7.99 62.45 70.44 OK
r-patched-solaris-x86 3.6.0 115.30 NOTE
r-release-linux-x86_64 3.6.0 8.72 60.83 69.55 OK
r-release-macos-x86_64 3.6.0 OK
r-release-windows-ix86+x86_64 3.6.0 14.00 84.00 98.00 OK
r-oldrel-macos-x86_64 3.6.0 OK
r-oldrel-windows-ix86+x86_64 3.6.0 12.00 80.00 92.00 OK

Check Details

Version: 3.6.0
Check: Rd cross-references
Result: NOTE
    Undeclared package ‘rym’ in Rd xrefs
Flavor: r-devel-linux-x86_64-fedora-clang

Version: 3.6.0
Check: installed package size
Result: NOTE
     installed size is 5.0Mb
     sub-directories of 1Mb or more:
     doc 4.5Mb
Flavor: r-patched-solaris-x86