Last updated on 2020-12-04 00:48:33 CET.
Flavor | Version | Tinstall | Tcheck | Ttotal | Status | Flags |
---|---|---|---|---|---|---|
r-devel-linux-x86_64-debian-clang | 1.01 | 3.00 | 25.31 | 28.31 | NOTE | |
r-devel-linux-x86_64-debian-gcc | 1.01 | 2.44 | 20.17 | 22.61 | NOTE | |
r-devel-linux-x86_64-fedora-clang | 1.01 | 36.37 | NOTE | |||
r-devel-linux-x86_64-fedora-gcc | 1.01 | 27.70 | NOTE | |||
r-devel-windows-ix86+x86_64 | 1.01 | 7.00 | 29.00 | 36.00 | NOTE | |
r-patched-linux-x86_64 | 1.01 | 2.85 | 22.95 | 25.80 | NOTE | |
r-patched-solaris-x86 | 1.01 | 43.30 | NOTE | |||
r-release-linux-x86_64 | 1.01 | 2.61 | 22.48 | 25.09 | NOTE | |
r-release-macos-x86_64 | 1.01 | NOTE | ||||
r-release-windows-ix86+x86_64 | 1.01 | 7.00 | 41.00 | 48.00 | NOTE | |
r-oldrel-macos-x86_64 | 1.01 | NOTE | ||||
r-oldrel-windows-ix86+x86_64 | 1.01 | 4.00 | 37.00 | 41.00 | NOTE |
Version: 1.01
Check: DESCRIPTION meta-information
Result: NOTE
Malformed Title field: should not end in a period.
Flavors: r-devel-linux-x86_64-debian-clang, r-devel-linux-x86_64-debian-gcc, r-devel-linux-x86_64-fedora-clang, r-devel-linux-x86_64-fedora-gcc, r-devel-windows-ix86+x86_64, r-patched-linux-x86_64, r-patched-solaris-x86, r-release-linux-x86_64, r-release-macos-x86_64, r-release-windows-ix86+x86_64, r-oldrel-macos-x86_64, r-oldrel-windows-ix86+x86_64
Version: 1.01
Check: installed package size
Result: NOTE
installed size is 5.1Mb
sub-directories of 1Mb or more:
data 5.0Mb
Flavors: r-devel-linux-x86_64-fedora-clang, r-devel-windows-ix86+x86_64, r-patched-solaris-x86, r-release-macos-x86_64, r-release-windows-ix86+x86_64, r-oldrel-macos-x86_64, r-oldrel-windows-ix86+x86_64