Last updated on 2020-12-04 00:48:33 CET.
Flavor | Version | Tinstall | Tcheck | Ttotal | Status | Flags |
---|---|---|---|---|---|---|
r-devel-linux-x86_64-debian-clang | 0.7.0 | 13.05 | 68.16 | 81.21 | OK | |
r-devel-linux-x86_64-debian-gcc | 0.7.0 | 10.29 | 55.61 | 65.90 | OK | |
r-devel-linux-x86_64-fedora-clang | 0.7.0 | 101.04 | NOTE | |||
r-devel-linux-x86_64-fedora-gcc | 0.7.0 | 94.82 | NOTE | |||
r-devel-windows-ix86+x86_64 | 0.7.0 | 19.00 | 67.00 | 86.00 | OK | |
r-patched-linux-x86_64 | 0.7.0 | 11.28 | 66.20 | 77.48 | OK | |
r-patched-solaris-x86 | 0.7.0 | 118.90 | NOTE | |||
r-release-linux-x86_64 | 0.7.0 | 11.62 | 66.12 | 77.74 | OK | |
r-release-macos-x86_64 | 0.7.0 | NOTE | ||||
r-release-windows-ix86+x86_64 | 0.7.0 | 14.00 | 68.00 | 82.00 | OK | |
r-oldrel-macos-x86_64 | 0.7.0 | NOTE | ||||
r-oldrel-windows-ix86+x86_64 | 0.7.0 | 15.00 | 80.00 | 95.00 | OK |
Version: 0.7.0
Check: dependencies in R code
Result: NOTE
Namespace in Imports field not imported from: ‘Rcpp’
All declared Imports should be used.
Flavors: r-devel-linux-x86_64-fedora-clang, r-devel-linux-x86_64-fedora-gcc, r-patched-solaris-x86, r-release-macos-x86_64, r-oldrel-macos-x86_64
Version: 0.7.0
Check: data for non-ASCII characters
Result: NOTE
Note: found 113868 marked UTF-8 strings
Flavors: r-devel-linux-x86_64-fedora-clang, r-devel-linux-x86_64-fedora-gcc, r-patched-solaris-x86, r-release-macos-x86_64, r-oldrel-macos-x86_64