CRAN Package Check Results for Package rtsdata

Last updated on 2020-12-04 00:48:33 CET.

Flavor Version Tinstall Tcheck Ttotal Status Flags
r-devel-linux-x86_64-debian-clang 0.1.2 3.91 32.63 36.54 OK
r-devel-linux-x86_64-debian-gcc 0.1.2 3.04 26.25 29.29 OK
r-devel-linux-x86_64-fedora-clang 0.1.2 47.09 NOTE
r-devel-linux-x86_64-fedora-gcc 0.1.2 36.37 NOTE
r-devel-windows-ix86+x86_64 0.1.2 8.00 36.00 44.00 OK
r-patched-linux-x86_64 0.1.2 3.87 28.95 32.82 OK
r-patched-solaris-x86 0.1.2 59.20 NOTE
r-release-linux-x86_64 0.1.2 3.79 30.06 33.85 OK
r-release-macos-x86_64 0.1.2 OK
r-release-windows-ix86+x86_64 0.1.2 7.00 45.00 52.00 OK
r-oldrel-macos-x86_64 0.1.2 OK
r-oldrel-windows-ix86+x86_64 0.1.2 5.00 44.00 49.00 OK

Check Details

Version: 0.1.2
Check: package dependencies
Result: NOTE
    Package suggested but not available for checking: ‘RQuantLib’
Flavors: r-devel-linux-x86_64-fedora-clang, r-devel-linux-x86_64-fedora-gcc, r-patched-solaris-x86