CRAN Package Check Results for Package rtrek

Last updated on 2020-12-04 00:48:33 CET.

Flavor Version Tinstall Tcheck Ttotal Status Flags
r-devel-linux-x86_64-debian-clang 0.3.2 6.86 41.26 48.12 OK
r-devel-linux-x86_64-debian-gcc 0.3.2 5.39 32.13 37.52 OK
r-devel-linux-x86_64-fedora-clang 0.3.2 60.14 NOTE
r-devel-linux-x86_64-fedora-gcc 0.3.2 58.99 NOTE
r-devel-windows-ix86+x86_64 0.3.2 11.00 43.00 54.00 OK
r-patched-linux-x86_64 0.3.2 6.06 38.71 44.77 OK
r-patched-solaris-x86 0.3.2 70.70 NOTE
r-release-linux-x86_64 0.3.2 5.74 39.77 45.51 OK
r-release-macos-x86_64 0.3.2 NOTE
r-release-windows-ix86+x86_64 0.3.2 8.00 43.00 51.00 OK
r-oldrel-macos-x86_64 0.3.2 NOTE
r-oldrel-windows-ix86+x86_64 0.3.2 8.00 52.00 60.00 OK

Check Details

Version: 0.3.2
Check: dependencies in R code
Result: NOTE
    Namespaces in Imports field not imported from:
     ‘memoise’ ‘tidyr’
     All declared Imports should be used.
Flavors: r-devel-linux-x86_64-fedora-clang, r-devel-linux-x86_64-fedora-gcc, r-patched-solaris-x86, r-release-macos-x86_64, r-oldrel-macos-x86_64

Version: 0.3.2
Check: data for non-ASCII characters
Result: NOTE
     Note: found 37 marked UTF-8 strings
Flavors: r-devel-linux-x86_64-fedora-clang, r-devel-linux-x86_64-fedora-gcc, r-patched-solaris-x86, r-release-macos-x86_64, r-oldrel-macos-x86_64