CRAN Package Check Results for Package rtmpt

Last updated on 2020-12-04 00:48:33 CET.

Flavor Version Tinstall Tcheck Ttotal Status Flags
r-devel-linux-x86_64-debian-clang 0.1-19 34.75 62.76 97.51 OK
r-devel-linux-x86_64-debian-gcc 0.1-19 24.34 48.00 72.34 OK
r-devel-linux-x86_64-fedora-clang 0.1-19 143.45 OK
r-devel-linux-x86_64-fedora-gcc 0.1-19 114.23 OK
r-devel-windows-ix86+x86_64 0.1-19 79.00 82.00 161.00 OK
r-patched-linux-x86_64 0.1-19 27.22 60.82 88.04 OK
r-patched-solaris-x86 0.1-19 152.70 OK
r-release-linux-x86_64 0.1-19 30.70 58.30 89.00 OK
r-release-macos-x86_64 0.1-19 NOTE
r-release-windows-ix86+x86_64 0.1-19 57.00 104.00 161.00 OK
r-oldrel-macos-x86_64 0.1-19 OK
r-oldrel-windows-ix86+x86_64 0.1-19 68.00 104.00 172.00 OK

Check Details

Version: 0.1-19
Check: installed package size
Result: NOTE
     installed size is 5.4Mb
     sub-directories of 1Mb or more:
     libs 4.1Mb
Flavor: r-release-macos-x86_64