Last updated on 2020-12-04 00:48:33 CET.
Flavor | Version | Tinstall | Tcheck | Ttotal | Status | Flags |
---|---|---|---|---|---|---|
r-devel-linux-x86_64-debian-clang | 1.5.5 | 37.60 | 71.05 | 108.65 | OK | |
r-devel-linux-x86_64-debian-gcc | 1.5.5 | 25.68 | 57.83 | 83.51 | OK | |
r-devel-linux-x86_64-fedora-clang | 1.5.5 | 141.50 | NOTE | |||
r-devel-linux-x86_64-fedora-gcc | 1.5.5 | 131.88 | OK | |||
r-devel-windows-ix86+x86_64 | 1.5.5 | 68.00 | 115.00 | 183.00 | NOTE | |
r-patched-linux-x86_64 | 1.5.5 | 33.45 | 71.21 | 104.66 | OK | |
r-patched-solaris-x86 | 1.5.5 | 149.10 | OK | |||
r-release-linux-x86_64 | 1.5.5 | 33.48 | 72.77 | 106.25 | OK | |
r-release-macos-x86_64 | 1.5.5 | NOTE | ||||
r-release-windows-ix86+x86_64 | 1.5.5 | 61.00 | 149.00 | 210.00 | NOTE | |
r-oldrel-macos-x86_64 | 1.5.5 | NOTE | ||||
r-oldrel-windows-ix86+x86_64 | 1.5.5 | 60.00 | 136.00 | 196.00 | NOTE |
Version: 1.5.5
Check: installed package size
Result: NOTE
installed size is 6.8Mb
sub-directories of 1Mb or more:
doc 1.1Mb
libs 2.7Mb
projects 2.8Mb
Flavors: r-devel-linux-x86_64-fedora-clang, r-devel-windows-ix86+x86_64, r-release-macos-x86_64, r-release-windows-ix86+x86_64, r-oldrel-macos-x86_64, r-oldrel-windows-ix86+x86_64