Last updated on 2020-12-04 00:48:33 CET.
Flavor | Version | Tinstall | Tcheck | Ttotal | Status | Flags |
---|---|---|---|---|---|---|
r-devel-linux-x86_64-debian-clang | 0.2.6.1 | 61.93 | 37.30 | 99.23 | OK | |
r-devel-linux-x86_64-debian-gcc | 0.2.6.1 | 48.39 | 30.79 | 79.18 | OK | |
r-devel-linux-x86_64-fedora-clang | 0.2.6.1 | 137.81 | NOTE | |||
r-devel-linux-x86_64-fedora-gcc | 0.2.6.1 | 126.71 | OK | |||
r-devel-windows-ix86+x86_64 | 0.2.6.1 | 133.00 | 70.00 | 203.00 | OK | |
r-patched-linux-x86_64 | 0.2.6.1 | 56.85 | 36.40 | 93.25 | OK | |
r-patched-solaris-x86 | 0.2.6.1 | 118.00 | OK | |||
r-release-linux-x86_64 | 0.2.6.1 | 55.66 | 36.72 | 92.38 | OK | |
r-release-macos-x86_64 | 0.2.6.1 | NOTE | ||||
r-release-windows-ix86+x86_64 | 0.2.6.1 | 100.00 | 70.00 | 170.00 | OK | |
r-oldrel-macos-x86_64 | 0.2.6.1 | NOTE | ||||
r-oldrel-windows-ix86+x86_64 | 0.2.6.1 | 109.00 | 81.00 | 190.00 | OK |
Version: 0.2.6.1
Check: installed package size
Result: NOTE
installed size is 7.9Mb
sub-directories of 1Mb or more:
libs 7.8Mb
Flavors: r-devel-linux-x86_64-fedora-clang, r-release-macos-x86_64, r-oldrel-macos-x86_64