CRAN Package Check Results for Package rsyntax

Last updated on 2020-12-04 00:48:33 CET.

Flavor Version Tinstall Tcheck Ttotal Status Flags
r-devel-linux-x86_64-debian-clang 0.1.1 7.12 67.67 74.79 OK
r-devel-linux-x86_64-debian-gcc 0.1.1 5.47 53.13 58.60 OK
r-devel-linux-x86_64-fedora-clang 0.1.1 92.33 NOTE
r-devel-linux-x86_64-fedora-gcc 0.1.1 84.00 OK
r-devel-windows-ix86+x86_64 0.1.1 11.00 69.00 80.00 OK
r-patched-linux-x86_64 0.1.1 7.06 63.15 70.21 OK
r-patched-solaris-x86 0.1.1 99.50 OK
r-release-linux-x86_64 0.1.1 8.40 63.12 71.52 OK
r-release-macos-x86_64 0.1.1 OK
r-release-windows-ix86+x86_64 0.1.1 10.00 71.00 81.00 OK
r-oldrel-macos-x86_64 0.1.1 OK
r-oldrel-windows-ix86+x86_64 0.1.1 8.00 83.00 91.00 OK

Check Details

Version: 0.1.1
Check: Rd cross-references
Result: NOTE
    Undeclared package ‘spacyr’ in Rd xrefs
Flavor: r-devel-linux-x86_64-fedora-clang