CRAN Package Check Results for Package rstap

Last updated on 2020-12-04 00:48:33 CET.

Flavor Version Tinstall Tcheck Ttotal Status Flags
r-devel-linux-x86_64-debian-clang 1.0.3 778.05 259.15 1037.20 NOTE
r-devel-linux-x86_64-debian-gcc 1.0.3 560.66 201.76 762.42 NOTE
r-devel-linux-x86_64-fedora-clang 1.0.3 1295.14 NOTE
r-devel-linux-x86_64-fedora-gcc 1.0.3 1323.45 NOTE
r-devel-windows-ix86+x86_64 1.0.3 5.00 6.00 11.00 ERROR
r-patched-linux-x86_64 1.0.3 483.30 271.44 754.74 NOTE
r-patched-solaris-x86 1.0.3 1193.80 NOTE
r-release-linux-x86_64 1.0.3 479.30 266.60 745.90 NOTE
r-release-macos-x86_64 1.0.3 NOTE
r-release-windows-ix86+x86_64 1.0.3 4.00 5.00 9.00 ERROR
r-oldrel-macos-x86_64 1.0.3 FAIL
r-oldrel-windows-ix86+x86_64 1.0.3 254.00 8.00 262.00 ERROR

Check Details

Version: 1.0.3
Check: for GNU extensions in Makefiles
Result: NOTE
    GNU make is a SystemRequirements.
Flavors: r-devel-linux-x86_64-debian-clang, r-devel-linux-x86_64-debian-gcc, r-devel-linux-x86_64-fedora-clang, r-devel-linux-x86_64-fedora-gcc, r-patched-linux-x86_64, r-patched-solaris-x86, r-release-linux-x86_64, r-release-macos-x86_64

Version: 1.0.3
Check: installed package size
Result: NOTE
     installed size is 117.5Mb
     sub-directories of 1Mb or more:
     libs 116.2Mb
Flavors: r-devel-linux-x86_64-fedora-clang, r-patched-solaris-x86, r-release-macos-x86_64, r-oldrel-macos-x86_64

Version: 1.0.3
Check: dependencies in R code
Result: NOTE
    Namespace in Imports field not imported from: ‘loo’
     All declared Imports should be used.
Flavors: r-devel-linux-x86_64-fedora-clang, r-devel-linux-x86_64-fedora-gcc, r-patched-solaris-x86, r-release-macos-x86_64, r-oldrel-macos-x86_64

Version: 1.0.3
Check: Rd cross-references
Result: NOTE
    Undeclared packages ‘gridExtra’, ‘rstanarm’ in Rd xrefs
Flavor: r-devel-linux-x86_64-fedora-clang

Version: 1.0.3
Check: whether package can be installed
Result: ERROR
    Installation failed.
Flavors: r-devel-windows-ix86+x86_64, r-release-windows-ix86+x86_64, r-oldrel-windows-ix86+x86_64

Version: 1.0.3
Check: Rd \usage sections
Result: FAIL
Flavor: r-oldrel-macos-x86_64