CRAN Package Check Results for Package rsinaica

Last updated on 2020-12-04 00:48:33 CET.

Flavor Version Tinstall Tcheck Ttotal Status Flags
r-devel-linux-x86_64-debian-clang 0.6.1 6.88 49.41 56.29 OK
r-devel-linux-x86_64-debian-gcc 0.6.1 5.43 39.74 45.17 OK
r-devel-linux-x86_64-fedora-clang 0.6.1 74.29 NOTE
r-devel-linux-x86_64-fedora-gcc 0.6.1 62.51 NOTE
r-devel-windows-ix86+x86_64 0.6.1 13.00 58.00 71.00 OK
r-patched-linux-x86_64 0.6.1 5.65 47.40 53.05 OK
r-patched-solaris-x86 0.6.1 92.90 NOTE
r-release-linux-x86_64 0.6.1 6.11 47.58 53.69 OK
r-release-macos-x86_64 0.6.1 NOTE
r-release-windows-ix86+x86_64 0.6.1 11.00 61.00 72.00 OK
r-oldrel-macos-x86_64 0.6.1 NOTE
r-oldrel-windows-ix86+x86_64 0.6.1 9.00 69.00 78.00 OK

Check Details

Version: 0.6.1
Check: data for non-ASCII characters
Result: NOTE
     Note: found 467 marked UTF-8 strings
Flavors: r-devel-linux-x86_64-fedora-clang, r-devel-linux-x86_64-fedora-gcc, r-patched-solaris-x86, r-release-macos-x86_64, r-oldrel-macos-x86_64