CRAN Package Check Results for Package rscala

Last updated on 2020-12-04 00:48:33 CET.

Flavor Version Tinstall Tcheck Ttotal Status Flags
r-devel-linux-x86_64-debian-clang 3.2.19 19.60 143.61 163.21 OK
r-devel-linux-x86_64-debian-gcc 3.2.19 16.60 113.36 129.96 OK
r-devel-linux-x86_64-fedora-clang 3.2.19 187.11 OK
r-devel-linux-x86_64-fedora-gcc 3.2.19 168.25 OK
r-devel-windows-ix86+x86_64 3.2.19 19.00 207.00 226.00 OK
r-patched-linux-x86_64 3.2.19 21.59 139.33 160.92 OK
r-release-linux-x86_64 3.2.19 21.26 142.87 164.13 OK
r-release-macos-x86_64 3.2.19 NOTE
r-release-windows-ix86+x86_64 3.2.19 14.00 204.00 218.00 OK
r-oldrel-macos-x86_64 3.2.19 NOTE
r-oldrel-windows-ix86+x86_64 3.2.19 13.00 241.00 254.00 OK

Check Details

Version: 3.2.19
Check: installed package size
Result: NOTE
     installed size is 21.4Mb
     sub-directories of 1Mb or more:
     dependencies 20.2Mb
Flavors: r-release-macos-x86_64, r-oldrel-macos-x86_64