Last updated on 2020-12-04 00:48:33 CET.
Flavor | Version | Tinstall | Tcheck | Ttotal | Status | Flags |
---|---|---|---|---|---|---|
r-devel-linux-x86_64-debian-clang | 0.2.2 | 4.98 | 32.33 | 37.31 | OK | |
r-devel-linux-x86_64-debian-gcc | 0.2.2 | 4.40 | 25.67 | 30.07 | OK | |
r-devel-linux-x86_64-fedora-clang | 0.2.2 | 50.60 | NOTE | |||
r-devel-linux-x86_64-fedora-gcc | 0.2.2 | 40.38 | NOTE | |||
r-patched-linux-x86_64 | 0.2.2 | 5.41 | 31.04 | 36.45 | OK | |
r-release-linux-x86_64 | 0.2.2 | 4.70 | 32.38 | 37.08 | OK | |
r-release-macos-x86_64 | 0.2.2 | ERROR | ||||
r-oldrel-macos-x86_64 | 0.2.2 | ERROR |
Version: 0.2.2
Check: installed package size
Result: NOTE
installed size is 13.1Mb
sub-directories of 1Mb or more:
extdata 12.8Mb
Flavor: r-devel-linux-x86_64-fedora-clang
Version: 0.2.2
Check: top-level files
Result: NOTE
‘configure’: ‘env bash’ is not portable as bash need not be installed
Flavors: r-devel-linux-x86_64-fedora-clang, r-devel-linux-x86_64-fedora-gcc
Version: 0.2.2
Check: whether package can be installed
Result: ERROR
Installation failed.
Flavors: r-release-macos-x86_64, r-oldrel-macos-x86_64