CRAN Package Check Results for Package rpredictit

Last updated on 2020-12-04 00:48:33 CET.

Flavor Version Tinstall Tcheck Ttotal Status Flags
r-devel-linux-x86_64-debian-clang 0.0.2 4.02 49.19 53.21 OK
r-devel-linux-x86_64-debian-gcc 0.0.2 3.53 39.22 42.75 OK
r-devel-linux-x86_64-fedora-clang 0.0.2 67.97 NOTE
r-devel-linux-x86_64-fedora-gcc 0.0.2 60.30 OK
r-devel-windows-ix86+x86_64 0.0.2 8.00 61.00 69.00 OK
r-patched-linux-x86_64 0.0.2 4.00 52.69 56.69 OK
r-patched-solaris-x86 0.0.2 94.70 WARN
r-release-linux-x86_64 0.0.2 4.00 49.42 53.42 OK
r-release-macos-x86_64 0.0.2 WARN
r-release-windows-ix86+x86_64 0.0.2 8.00 64.00 72.00 OK
r-oldrel-macos-x86_64 0.0.2 WARN
r-oldrel-windows-ix86+x86_64 0.0.2 5.00 71.00 76.00 OK

Check Details

Version: 0.0.2
Check: Rd cross-references
Result: NOTE
    Undeclared package ‘htmlwidgets’ in Rd xrefs
Flavor: r-devel-linux-x86_64-fedora-clang

Version: 0.0.2
Check: re-building of vignette outputs
Result: WARN
    Error(s) in re-building vignettes:
     ...
    --- re-building ‘rpredictit-vignette.Rmd’ using rmarkdown
    Warning in engine$weave(file, quiet = quiet, encoding = enc) :
     Pandoc (>= 1.12.3) and/or pandoc-citeproc not available. Falling back to R Markdown v1.
    Quitting from lines 54-56 (rpredictit-vignette.Rmd)
    Error: processing vignette 'rpredictit-vignette.Rmd' failed with diagnostics:
    there is no package called 'webshot'
    --- failed re-building ‘rpredictit-vignette.Rmd’
    
    SUMMARY: processing the following file failed:
     ‘rpredictit-vignette.Rmd’
    
    Error: Vignette re-building failed.
    Execution halted
Flavor: r-patched-solaris-x86

Version: 0.0.2
Check: re-building of vignette outputs
Result: WARN
    Error(s) in re-building vignettes:
     ...
    --- re-building ‘rpredictit-vignette.Rmd’ using rmarkdown
    Warning in engine$weave(file, quiet = quiet, encoding = enc) :
     Pandoc (>= 1.12.3) and/or pandoc-citeproc not available. Falling back to R Markdown v1.
    Quitting from lines 54-56 (rpredictit-vignette.Rmd)
    Error: processing vignette 'rpredictit-vignette.Rmd' failed with diagnostics:
    cannot open the connection
    --- failed re-building ‘rpredictit-vignette.Rmd’
    
    SUMMARY: processing the following file failed:
     ‘rpredictit-vignette.Rmd’
    
    Error: Vignette re-building failed.
    Execution halted
Flavors: r-release-macos-x86_64, r-oldrel-macos-x86_64