CRAN Package Check Results for Package rpg

Last updated on 2020-12-04 00:48:33 CET.

Flavor Version Tinstall Tcheck Ttotal Status Flags
r-devel-linux-x86_64-debian-clang 1.6 26.34 32.84 59.18 OK
r-devel-linux-x86_64-debian-gcc 1.6 18.10 29.13 47.23 OK
r-devel-linux-x86_64-fedora-clang 1.6 83.62 NOTE
r-devel-linux-x86_64-fedora-gcc 1.6 71.02 NOTE
r-devel-windows-ix86+x86_64 1.6 61.00 74.00 135.00 NOTE
r-patched-linux-x86_64 1.6 21.13 31.22 52.35 OK
r-patched-solaris-x86 1.6 22.10 ERROR
r-release-linux-x86_64 1.6 20.16 30.34 50.50 OK
r-release-macos-x86_64 1.6 OK
r-release-windows-ix86+x86_64 1.6 52.00 85.00 137.00 NOTE
r-oldrel-macos-x86_64 1.6 ERROR
r-oldrel-windows-ix86+x86_64 1.6 48.00 91.00 139.00 NOTE

Check Details

Version: 1.6
Check: top-level files
Result: NOTE
    ‘configure’: /bin/bash is not portable
Flavors: r-devel-linux-x86_64-fedora-clang, r-devel-linux-x86_64-fedora-gcc

Version: 1.6
Check: installed package size
Result: NOTE
     installed size is 6.3Mb
     sub-directories of 1Mb or more:
     libs 6.1Mb
Flavors: r-devel-windows-ix86+x86_64, r-release-windows-ix86+x86_64, r-oldrel-windows-ix86+x86_64

Version: 1.6
Check: whether package can be installed
Result: ERROR
    Installation failed.
Flavors: r-patched-solaris-x86, r-oldrel-macos-x86_64