Last updated on 2020-12-04 00:48:32 CET.
Flavor | Version | Tinstall | Tcheck | Ttotal | Status | Flags |
---|---|---|---|---|---|---|
r-devel-linux-x86_64-debian-clang | 4.1-15 | 9.63 | 68.10 | 77.73 | OK | |
r-devel-linux-x86_64-debian-gcc | 4.1-15 | 6.51 | 56.06 | 62.57 | OK | |
r-devel-linux-x86_64-fedora-clang | 4.1-15 | 102.59 | NOTE | |||
r-devel-linux-x86_64-fedora-gcc | 4.1-15 | 92.92 | OK | |||
r-devel-windows-ix86+x86_64 | 4.1-15 | 41.00 | 96.00 | 137.00 | OK | |
r-patched-linux-x86_64 | 4.1-15 | 7.12 | 67.71 | 74.83 | OK | |
r-patched-solaris-x86 | 4.1-15 | OK | ||||
r-release-linux-x86_64 | 4.1-15 | 9.32 | 68.16 | 77.48 | OK | |
r-release-macos-x86_64 | 4.1-15 | OK | ||||
r-release-windows-ix86+x86_64 | 4.1-15 | 36.00 | 122.00 | 158.00 | OK | |
r-oldrel-macos-x86_64 | 4.1-15 | OK | ||||
r-oldrel-windows-ix86+x86_64 | 4.1-15 | 33.00 | 110.00 | 143.00 | OK |
Version: 4.1-15
Check: Rd cross-references
Result: NOTE
Undeclared package ‘tree’ in Rd xrefs
Flavor: r-devel-linux-x86_64-fedora-clang