CRAN Package Check Results for Package rpact

Last updated on 2020-12-04 00:48:32 CET.

Flavor Version Tinstall Tcheck Ttotal Status Flags
r-devel-linux-x86_64-debian-clang 3.0.3 98.12 318.35 416.47 OK
r-devel-linux-x86_64-debian-gcc 3.0.3 74.14 234.52 308.66 OK
r-devel-linux-x86_64-fedora-clang 3.0.3 528.80 NOTE
r-devel-linux-x86_64-fedora-gcc 3.0.3 518.38 OK
r-devel-windows-ix86+x86_64 3.0.3 167.00 465.00 632.00 NOTE
r-patched-linux-x86_64 3.0.3 85.75 305.06 390.81 OK
r-patched-solaris-x86 3.0.3 513.00 NOTE
r-release-linux-x86_64 3.0.3 89.20 305.66 394.86 OK
r-release-macos-x86_64 3.0.3 NOTE
r-release-windows-ix86+x86_64 3.0.2 124.00 438.00 562.00 NOTE
r-oldrel-macos-x86_64 3.0.3 NOTE
r-oldrel-windows-ix86+x86_64 3.0.3 131.00 459.00 590.00 NOTE

Check Details

Version: 3.0.3
Check: installed package size
Result: NOTE
     installed size is 8.2Mb
     sub-directories of 1Mb or more:
     R 3.2Mb
     libs 2.5Mb
     tests 1.8Mb
Flavors: r-devel-linux-x86_64-fedora-clang, r-devel-windows-ix86+x86_64, r-patched-solaris-x86, r-release-macos-x86_64, r-oldrel-macos-x86_64, r-oldrel-windows-ix86+x86_64

Version: 3.0.2
Check: installed package size
Result: NOTE
     installed size is 7.9Mb
     sub-directories of 1Mb or more:
     R 3.2Mb
     libs 2.2Mb
     tests 1.8Mb
Flavor: r-release-windows-ix86+x86_64