CRAN Package Check Results for Package roxygen2md

Last updated on 2020-12-04 00:48:32 CET.

Flavor Version Tinstall Tcheck Ttotal Status Flags
r-devel-linux-x86_64-debian-clang 1.0.0 4.60 32.03 36.63 OK
r-devel-linux-x86_64-debian-gcc 1.0.0 3.74 28.35 32.09 OK
r-devel-linux-x86_64-fedora-clang 1.0.0 47.99 NOTE
r-devel-linux-x86_64-fedora-gcc 1.0.0 38.28 NOTE
r-devel-windows-ix86+x86_64 1.0.0 9.00 36.00 45.00 OK
r-patched-linux-x86_64 1.0.0 3.88 30.47 34.35 OK
r-patched-solaris-x86 1.0.0 59.30 NOTE
r-release-linux-x86_64 1.0.0 3.40 31.02 34.42 OK
r-release-macos-x86_64 1.0.0 NOTE
r-release-windows-ix86+x86_64 1.0.0 7.00 41.00 48.00 OK
r-oldrel-macos-x86_64 1.0.0 NOTE
r-oldrel-windows-ix86+x86_64 1.0.0 5.00 44.00 49.00 OK

Check Details

Version: 1.0.0
Check: dependencies in R code
Result: NOTE
    Namespace in Imports field not imported from: ‘withr’
     All declared Imports should be used.
Flavors: r-devel-linux-x86_64-fedora-clang, r-devel-linux-x86_64-fedora-gcc, r-patched-solaris-x86, r-release-macos-x86_64, r-oldrel-macos-x86_64