Last updated on 2020-12-04 00:48:32 CET.
Flavor | Version | Tinstall | Tcheck | Ttotal | Status | Flags |
---|---|---|---|---|---|---|
r-devel-linux-x86_64-debian-clang | 0.1.0 | 36.34 | 60.75 | 97.09 | OK | |
r-devel-linux-x86_64-debian-gcc | 0.1.0 | 24.20 | 52.51 | 76.71 | OK | |
r-devel-linux-x86_64-fedora-clang | 0.1.0 | 126.49 | OK | |||
r-devel-linux-x86_64-fedora-gcc | 0.1.0 | 113.93 | OK | |||
r-devel-windows-ix86+x86_64 | 0.1.0 | 114.00 | 90.00 | 204.00 | OK | |
r-patched-linux-x86_64 | 0.1.0 | 29.69 | 60.24 | 89.93 | OK | |
r-patched-solaris-x86 | 0.1.0 | 140.40 | OK | |||
r-release-linux-x86_64 | 0.1.0 | 26.82 | 57.49 | 84.31 | OK | |
r-release-macos-x86_64 | 0.1.0 | ERROR | ||||
r-release-windows-ix86+x86_64 | 0.1.0 | 90.00 | 114.00 | 204.00 | OK | |
r-oldrel-macos-x86_64 | 0.1.0 | OK | ||||
r-oldrel-windows-ix86+x86_64 | 0.1.0 | 86.00 | 110.00 | 196.00 | OK |
Version: 0.1.0
Check: whether package can be installed
Result: ERROR
Installation failed.
Flavor: r-release-macos-x86_64