Last updated on 2020-12-04 00:48:32 CET.
Flavor | Version | Tinstall | Tcheck | Ttotal | Status | Flags |
---|---|---|---|---|---|---|
r-devel-linux-x86_64-debian-clang | 0.1.0 | 6.96 | 124.36 | 131.32 | OK | |
r-devel-linux-x86_64-debian-gcc | 0.1.0 | 5.89 | 100.52 | 106.41 | OK | |
r-devel-linux-x86_64-fedora-clang | 0.1.0 | 138.53 | NOTE | |||
r-devel-linux-x86_64-fedora-gcc | 0.1.0 | 119.07 | NOTE | |||
r-devel-windows-ix86+x86_64 | 0.1.0 | 13.00 | 85.00 | 98.00 | OK | |
r-patched-linux-x86_64 | 0.1.0 | 6.14 | 110.29 | 116.43 | OK | |
r-patched-solaris-x86 | 0.1.0 | 148.10 | NOTE | |||
r-release-linux-x86_64 | 0.1.0 | 6.74 | 109.97 | 116.71 | OK | |
r-release-macos-x86_64 | 0.1.0 | NOTE | ||||
r-release-windows-ix86+x86_64 | 0.1.0 | 11.00 | 102.00 | 113.00 | OK | |
r-oldrel-macos-x86_64 | 0.1.0 | NOTE | ||||
r-oldrel-windows-ix86+x86_64 | 0.1.0 | 10.00 | 103.00 | 113.00 | OK |
Version: 0.1.0
Check: dependencies in R code
Result: NOTE
Namespace in Imports field not imported from: ‘matrixcalc’
All declared Imports should be used.
Flavors: r-devel-linux-x86_64-fedora-clang, r-devel-linux-x86_64-fedora-gcc, r-patched-solaris-x86, r-release-macos-x86_64, r-oldrel-macos-x86_64