CRAN Package Check Results for Package rodham

Last updated on 2020-12-04 00:48:32 CET.

Flavor Version Tinstall Tcheck Ttotal Status Flags
r-devel-linux-x86_64-debian-clang 0.1.1 5.19 37.88 43.07 OK
r-devel-linux-x86_64-debian-gcc 0.1.1 4.46 29.87 34.33 OK
r-devel-linux-x86_64-fedora-clang 0.1.1 56.29 NOTE
r-devel-linux-x86_64-fedora-gcc 0.1.1 47.05 NOTE
r-devel-windows-ix86+x86_64 0.1.1 9.00 44.00 53.00 OK
r-patched-linux-x86_64 0.1.1 4.38 36.54 40.92 OK
r-patched-solaris-x86 0.1.1 73.80 NOTE
r-release-linux-x86_64 0.1.1 4.36 38.77 43.13 OK
r-release-macos-x86_64 0.1.1 NOTE
r-release-windows-ix86+x86_64 0.1.1 9.00 56.00 65.00 OK
r-oldrel-macos-x86_64 0.1.1 NOTE
r-oldrel-windows-ix86+x86_64 0.1.1 6.00 52.00 58.00 OK

Check Details

Version: 0.1.1
Check: dependencies in R code
Result: NOTE
    Namespace in Imports field not imported from: ‘stringr’
     All declared Imports should be used.
Flavors: r-devel-linux-x86_64-fedora-clang, r-devel-linux-x86_64-fedora-gcc, r-patched-solaris-x86, r-release-macos-x86_64, r-oldrel-macos-x86_64

Version: 0.1.1
Check: data for non-ASCII characters
Result: NOTE
     Note: found 59 marked UTF-8 strings
Flavors: r-devel-linux-x86_64-fedora-clang, r-devel-linux-x86_64-fedora-gcc, r-patched-solaris-x86, r-release-macos-x86_64, r-oldrel-macos-x86_64