Last updated on 2020-12-04 00:48:32 CET.
Flavor | Version | Tinstall | Tcheck | Ttotal | Status | Flags |
---|---|---|---|---|---|---|
r-devel-linux-x86_64-debian-clang | 1.8.144 | 16.06 | 189.04 | 205.10 | OK | |
r-devel-linux-x86_64-debian-gcc | 1.8.144 | 13.60 | 146.80 | 160.40 | OK | |
r-devel-linux-x86_64-fedora-clang | 1.8.144 | 254.32 | NOTE | |||
r-devel-linux-x86_64-fedora-gcc | 1.8.144 | 247.31 | OK | |||
r-devel-windows-ix86+x86_64 | 1.8.144 | 29.00 | 199.00 | 228.00 | OK | |
r-patched-linux-x86_64 | 1.8.144 | 14.11 | 181.28 | 195.39 | OK | |
r-patched-solaris-x86 | 1.8.144 | 311.20 | OK | |||
r-release-linux-x86_64 | 1.8.144 | 16.76 | 180.74 | 197.50 | OK | |
r-release-macos-x86_64 | 1.8.144 | OK | ||||
r-release-windows-ix86+x86_64 | 1.8.144 | 21.00 | 198.00 | 219.00 | OK | |
r-oldrel-macos-x86_64 | 1.8.144 | OK | ||||
r-oldrel-windows-ix86+x86_64 | 1.8.144 | 20.00 | 232.00 | 252.00 | OK |
Version: 1.8.144
Check: Rd cross-references
Result: NOTE
Undeclared packages ‘mvtnorm’, ‘scatterplot3d’, ‘HH’ in Rd xrefs
Flavor: r-devel-linux-x86_64-fedora-clang