Last updated on 2020-12-04 00:48:32 CET.
Flavor | Version | Tinstall | Tcheck | Ttotal | Status | Flags |
---|---|---|---|---|---|---|
r-devel-linux-x86_64-debian-clang | 0.6.1 | 129.25 | 106.75 | 236.00 | OK | |
r-devel-linux-x86_64-debian-gcc | 0.6.1 | 89.41 | 80.94 | 170.35 | OK | |
r-devel-linux-x86_64-fedora-clang | 0.6.1 | 314.88 | NOTE | |||
r-devel-linux-x86_64-fedora-gcc | 0.6.1 | 289.78 | OK | |||
r-devel-windows-ix86+x86_64 | 0.6.1 | 291.00 | 162.00 | 453.00 | OK | |
r-patched-linux-x86_64 | 0.6.1 | 102.99 | 102.08 | 205.07 | OK | |
r-patched-solaris-x86 | 0.6.1 | 284.30 | OK | |||
r-release-linux-x86_64 | 0.6.1 | 100.07 | 101.18 | 201.25 | OK | |
r-release-macos-x86_64 | 0.6.1 | NOTE | ||||
r-release-windows-ix86+x86_64 | 0.6.1 | 229.00 | 195.00 | 424.00 | OK | |
r-oldrel-macos-x86_64 | 0.6.1 | NOTE | ||||
r-oldrel-windows-ix86+x86_64 | 0.6.1 | 234.00 | 198.00 | 432.00 | OK |
Version: 0.6.1
Check: installed package size
Result: NOTE
installed size is 6.9Mb
sub-directories of 1Mb or more:
libs 6.3Mb
Flavors: r-devel-linux-x86_64-fedora-clang, r-release-macos-x86_64, r-oldrel-macos-x86_64