Last updated on 2020-12-04 00:48:32 CET.
Flavor | Version | Tinstall | Tcheck | Ttotal | Status | Flags |
---|---|---|---|---|---|---|
r-devel-linux-x86_64-debian-clang | 0.6 | 5.73 | 56.71 | 62.44 | OK | |
r-devel-linux-x86_64-debian-gcc | 0.6 | 4.28 | 45.23 | 49.51 | OK | |
r-devel-linux-x86_64-fedora-clang | 0.6 | 79.59 | OK | |||
r-devel-linux-x86_64-fedora-gcc | 0.6 | 73.40 | OK | |||
r-devel-windows-ix86+x86_64 | 0.6 | 14.00 | 119.00 | 133.00 | OK | |
r-patched-linux-x86_64 | 0.6 | 5.73 | 56.37 | 62.10 | OK | |
r-patched-solaris-x86 | 0.6 | 100.50 | OK | |||
r-release-linux-x86_64 | 0.6 | 6.13 | 51.99 | 58.12 | WARN | |
r-release-macos-x86_64 | 0.6 | OK | ||||
r-release-windows-ix86+x86_64 | 0.6 | 12.00 | 117.00 | 129.00 | OK | |
r-oldrel-macos-x86_64 | 0.6 | WARN | ||||
r-oldrel-windows-ix86+x86_64 | 0.6 | 9.00 | 105.00 | 114.00 | OK |
Version: 0.6
Check: re-building of vignette outputs
Result: WARN
Error(s) in re-building vignettes:
...
--- re-building ‘intro.Rmd’ using rmarkdown
Quitting from lines 163-167 (intro.Rmd)
Error: processing vignette 'intro.Rmd' failed with diagnostics:
arguments imply differing number of rows: 1, 0
--- failed re-building ‘intro.Rmd’
SUMMARY: processing the following file failed:
‘intro.Rmd’
Error: Vignette re-building failed.
Execution halted
Flavor: r-release-linux-x86_64
Version: 0.6
Check: re-building of vignette outputs
Result: WARN
Error(s) in re-building vignettes:
...
--- re-building ‘intro.Rmd’ using rmarkdown
Warning in engine$weave(file, quiet = quiet, encoding = enc) :
Pandoc (>= 1.12.3) and/or pandoc-citeproc not available. Falling back to R Markdown v1.
Quitting from lines 188-195 (intro.Rmd)
Error: processing vignette 'intro.Rmd' failed with diagnostics:
Column `is_oa` is unknown
--- failed re-building ‘intro.Rmd’
SUMMARY: processing the following file failed:
‘intro.Rmd’
Error: Vignette re-building failed.
Execution halted
Flavor: r-oldrel-macos-x86_64