CRAN Package Check Results for Package rnpn

Last updated on 2020-12-04 00:48:32 CET.

Flavor Version Tinstall Tcheck Ttotal Status Flags
r-devel-linux-x86_64-debian-clang 0.1.0 3.99 37.41 41.40 OK
r-devel-linux-x86_64-debian-gcc 1.1.1 4.96 74.13 79.09 OK
r-devel-linux-x86_64-fedora-clang 1.1.1 128.44 NOTE
r-devel-linux-x86_64-fedora-gcc 1.1.1 116.40 NOTE
r-devel-windows-ix86+x86_64 0.1.0 7.00 41.00 48.00 OK
r-patched-linux-x86_64 1.1.1 6.52 93.90 100.42 OK
r-patched-solaris-x86 1.1.1 164.20 NOTE
r-release-linux-x86_64 1.1.1 6.33 95.28 101.61 OK
r-release-macos-x86_64 0.1.0 OK
r-release-windows-ix86+x86_64 0.1.0 5.00 54.00 59.00 OK
r-oldrel-macos-x86_64 1.1.1 NOTE
r-oldrel-windows-ix86+x86_64 1.1.1 7.00 147.00 154.00 OK

Check Details

Version: 1.1.1
Check: dependencies in R code
Result: NOTE
    Namespace in Imports field not imported from: ‘rgdal’
     All declared Imports should be used.
Flavors: r-devel-linux-x86_64-fedora-clang, r-devel-linux-x86_64-fedora-gcc, r-patched-solaris-x86, r-oldrel-macos-x86_64