CRAN Package Check Results for Package rmgarch

Last updated on 2020-12-04 00:48:32 CET.

Flavor Version Tinstall Tcheck Ttotal Status Flags
r-devel-linux-x86_64-debian-clang 1.3-7 160.09 256.30 416.39 OK
r-devel-linux-x86_64-debian-gcc 1.3-7 110.44 190.84 301.28 OK
r-devel-linux-x86_64-fedora-clang 1.3-7 535.26 NOTE
r-devel-linux-x86_64-fedora-gcc 1.3-7 521.41 OK
r-devel-windows-ix86+x86_64 1.3-7 310.00 259.00 569.00 NOTE
r-patched-linux-x86_64 1.3-7 123.76 238.79 362.55 OK
r-patched-solaris-x86 1.3-7 512.40 OK
r-release-linux-x86_64 1.3-7 127.01 237.85 364.86 OK
r-release-macos-x86_64 1.3-7 NOTE
r-release-windows-ix86+x86_64 1.3-7 228.00 341.00 569.00 NOTE
r-oldrel-macos-x86_64 1.3-7 NOTE
r-oldrel-windows-ix86+x86_64 1.3-7 241.00 300.00 541.00 NOTE

Check Details

Version: 1.3-7
Check: installed package size
Result: NOTE
     installed size is 9.9Mb
     sub-directories of 1Mb or more:
     R 2.1Mb
     libs 6.8Mb
Flavors: r-devel-linux-x86_64-fedora-clang, r-devel-windows-ix86+x86_64, r-release-macos-x86_64, r-release-windows-ix86+x86_64, r-oldrel-macos-x86_64, r-oldrel-windows-ix86+x86_64