CRAN Package Check Results for Package rmdcev

Last updated on 2020-12-04 00:48:32 CET.

Flavor Version Tinstall Tcheck Ttotal Status Flags
r-devel-linux-x86_64-debian-clang 1.2.4 400.57 209.38 609.95 NOTE
r-devel-linux-x86_64-debian-gcc 1.2.4 314.61 174.48 489.09 NOTE
r-devel-linux-x86_64-fedora-clang 1.2.4 816.22 NOTE
r-devel-linux-x86_64-fedora-gcc 1.2.4 830.07 NOTE
r-devel-windows-ix86+x86_64 1.2.4 787.00 369.00 1156.00 NOTE
r-patched-linux-x86_64 1.2.4 283.73 223.06 506.79 NOTE
r-patched-solaris-x86 1.2.4 809.70 NOTE
r-release-linux-x86_64 1.2.4 274.42 222.72 497.14 NOTE
r-release-macos-x86_64 1.2.4 NOTE
r-release-windows-ix86+x86_64 1.2.4 572.00 484.00 1056.00 NOTE
r-oldrel-macos-x86_64 1.2.4 ERROR
r-oldrel-windows-ix86+x86_64 1.2.3 773.00 435.00 1208.00 NOTE

Check Details

Version: 1.2.4
Check: for GNU extensions in Makefiles
Result: NOTE
    GNU make is a SystemRequirements.
Flavors: r-devel-linux-x86_64-debian-clang, r-devel-linux-x86_64-debian-gcc, r-devel-linux-x86_64-fedora-clang, r-devel-linux-x86_64-fedora-gcc, r-devel-windows-ix86+x86_64, r-patched-linux-x86_64, r-patched-solaris-x86, r-release-linux-x86_64, r-release-macos-x86_64, r-release-windows-ix86+x86_64

Version: 1.2.4
Check: installed package size
Result: NOTE
     installed size is 76.5Mb
     sub-directories of 1Mb or more:
     libs 75.7Mb
Flavors: r-devel-linux-x86_64-fedora-clang, r-devel-windows-ix86+x86_64, r-release-macos-x86_64, r-release-windows-ix86+x86_64

Version: 1.2.4
Check: dependencies in R code
Result: NOTE
    Namespace in Imports field not imported from: ‘RcppParallel’
     All declared Imports should be used.
Flavors: r-devel-linux-x86_64-fedora-clang, r-devel-linux-x86_64-fedora-gcc, r-patched-solaris-x86, r-release-macos-x86_64

Version: 1.2.4
Check: whether package can be installed
Result: ERROR
    Installation failed.
Flavor: r-oldrel-macos-x86_64

Version: 1.2.3
Check: installed package size
Result: NOTE
     installed size is 7.0Mb
     sub-directories of 1Mb or more:
     libs 6.4Mb
Flavor: r-oldrel-windows-ix86+x86_64

Version: 1.2.3
Check: for GNU extensions in Makefiles
Result: NOTE
    GNU make is a SystemRequirements.
Flavor: r-oldrel-windows-ix86+x86_64