CRAN Package Check Results for Package rmRNAseq

Last updated on 2020-12-04 00:48:32 CET.

Flavor Version Tinstall Tcheck Ttotal Status Flags
r-devel-linux-x86_64-debian-clang 0.1.0 38.53 321.90 360.43 OK
r-devel-linux-x86_64-debian-gcc 0.1.0 32.75 244.85 277.60 OK
r-devel-linux-x86_64-fedora-clang 0.1.0 447.12 NOTE
r-devel-linux-x86_64-fedora-gcc 0.1.0 447.41 NOTE
r-devel-windows-ix86+x86_64 0.1.0 83.00 275.00 358.00 OK
r-patched-linux-x86_64 0.1.0 36.59 298.76 335.35 OK
r-patched-solaris-x86 0.1.0 595.50 NOTE
r-release-linux-x86_64 0.1.0 34.31 294.18 328.49 OK
r-release-macos-x86_64 0.1.0 ERROR
r-release-windows-ix86+x86_64 0.1.0 64.00 368.00 432.00 OK
r-oldrel-macos-x86_64 0.1.0 ERROR
r-oldrel-windows-ix86+x86_64 0.1.0 62.00 350.00 412.00 OK

Check Details

Version: 0.1.0
Check: dependencies in R code
Result: NOTE
    Namespace in Imports field not imported from: ‘statmod’
     All declared Imports should be used.
Flavors: r-devel-linux-x86_64-fedora-clang, r-devel-linux-x86_64-fedora-gcc, r-patched-solaris-x86

Version: 0.1.0
Check: package dependencies
Result: ERROR
    Package required but not available: ‘splineTimeR’
    
    See section ‘The DESCRIPTION file’ in the ‘Writing R Extensions’
    manual.
Flavors: r-release-macos-x86_64, r-oldrel-macos-x86_64