CRAN Package Check Results for Package rlas

Last updated on 2020-12-04 00:48:32 CET.

Flavor Version Tinstall Tcheck Ttotal Status Flags
r-devel-linux-x86_64-debian-clang 1.3.7 157.67 36.05 193.72 OK
r-devel-linux-x86_64-debian-gcc 1.3.7 102.81 29.32 132.13 OK
r-devel-linux-x86_64-fedora-clang 1.3.7 296.92 NOTE
r-devel-linux-x86_64-fedora-gcc 1.3.7 246.34 OK
r-devel-windows-ix86+x86_64 1.3.7 448.00 77.00 525.00 NOTE
r-patched-linux-x86_64 1.3.7 124.20 36.71 160.91 OK
r-patched-solaris-x86 1.3.7 219.30 OK
r-release-linux-x86_64 1.3.7 127.33 34.16 161.49 OK
r-release-macos-x86_64 1.3.7 NOTE
r-release-windows-ix86+x86_64 1.3.7 350.00 93.00 443.00 NOTE
r-oldrel-macos-x86_64 1.3.7 NOTE
r-oldrel-windows-ix86+x86_64 1.3.7 324.00 97.00 421.00 NOTE

Check Details

Version: 1.3.7
Check: installed package size
Result: NOTE
     installed size is 10.1Mb
     sub-directories of 1Mb or more:
     libs 9.4Mb
Flavors: r-devel-linux-x86_64-fedora-clang, r-devel-windows-ix86+x86_64, r-release-macos-x86_64, r-release-windows-ix86+x86_64, r-oldrel-macos-x86_64, r-oldrel-windows-ix86+x86_64