CRAN Package Check Results for Package rkafkajars

Last updated on 2020-12-04 00:48:32 CET.

Flavor Version Tinstall Tcheck Ttotal Status Flags
r-devel-linux-x86_64-debian-clang 1.1 7.42 52.07 59.49 OK
r-devel-linux-x86_64-debian-gcc 1.1 5.55 42.51 48.06 OK
r-devel-linux-x86_64-fedora-clang 1.1 72.41 NOTE
r-devel-linux-x86_64-fedora-gcc 1.1 64.97 OK
r-devel-windows-ix86+x86_64 1.1 12.00 43.00 55.00 NOTE
r-patched-linux-x86_64 1.1 7.23 51.30 58.53 OK
r-patched-solaris-x86 1.1 85.90 NOTE
r-release-linux-x86_64 1.1 7.74 49.38 57.12 OK
r-release-macos-x86_64 1.1 NOTE
r-release-windows-ix86+x86_64 1.1 10.00 46.00 56.00 NOTE
r-oldrel-macos-x86_64 1.1 NOTE
r-oldrel-windows-ix86+x86_64 1.1 12.00 45.00 57.00 NOTE

Check Details

Version: 1.1
Check: installed package size
Result: NOTE
     installed size is 12.2Mb
     sub-directories of 1Mb or more:
     java 12.0Mb
Flavors: r-devel-linux-x86_64-fedora-clang, r-devel-windows-ix86+x86_64, r-patched-solaris-x86, r-release-macos-x86_64, r-release-windows-ix86+x86_64, r-oldrel-macos-x86_64, r-oldrel-windows-ix86+x86_64