CRAN Package Check Results for Package rje

Last updated on 2020-12-04 00:48:32 CET.

Flavor Version Tinstall Tcheck Ttotal Status Flags
r-devel-linux-x86_64-debian-clang 1.10.16 5.38 39.78 45.16 OK
r-devel-linux-x86_64-debian-gcc 1.10.16 4.45 32.86 37.31 OK
r-devel-linux-x86_64-fedora-clang 1.10.16 59.47 NOTE
r-devel-linux-x86_64-fedora-gcc 1.10.16 50.51 NOTE
r-devel-windows-ix86+x86_64 1.10.16 11.00 58.00 69.00 OK
r-patched-linux-x86_64 1.10.16 5.03 40.54 45.57 OK
r-patched-solaris-x86 1.10.16 74.50 NOTE
r-release-linux-x86_64 1.10.16 5.09 38.89 43.98 OK
r-release-macos-x86_64 1.10.16 NOTE
r-release-windows-ix86+x86_64 1.10.16 9.00 56.00 65.00 OK
r-oldrel-macos-x86_64 1.10.16 NOTE
r-oldrel-windows-ix86+x86_64 1.10.16 7.00 66.00 73.00 OK

Check Details

Version: 1.10.16
Check: dependencies in R code
Result: NOTE
    Namespace in Imports field not imported from: ‘knitr’
     All declared Imports should be used.
Flavors: r-devel-linux-x86_64-fedora-clang, r-devel-linux-x86_64-fedora-gcc, r-patched-solaris-x86, r-release-macos-x86_64, r-oldrel-macos-x86_64